 be (34/119)/((-2)/7). Let c(t) = t. What is c(f)?
-1
Let i(s) = 9*s - 236 + s**2 + 122 + 134. Calculate i(-6).
2
Let n(r) = 3*r**2 - 4*r + 7. Let l be n(5). Suppose 20 - l = 3*p. Let x(a) = a + 15. Let j be x(p). Let f(t) = -5*t - 1. Calculate f(j).
-6
Suppose 3*y = -2*t - 0*y, 2*y + 4 = 0. Let c(b) = -1 - 16*b + 15*b + 0. Let s(i) = 3*i + 2. Let p(z) = 9*c(z) + 4*s(z). Calculate p(t).
8
Let i(k) = -7*k - 3. Let h(y) = 8*y + 4. Let f(n) = 5*h(n) + 6*i(n). Let t(x) = -x**2 - x + 1. Let u(v) = f(v) - t(v). Determine u(1).
1
Let f(i) be the third derivative of i**7/2520 + i**6/240 - i**5/5 - 13*i**2. Let s(a) be the third derivative of f(a). Calculate s(-2).
-1
Let u be (2 - 1) + (3 - 0/1). Let d(m) = m**2 - 2*m - 15. Let r be d(u). Let s(b) = -5*b + 7. Let q(h) = -h. Let l(c) = 6*q(c) - s(c). Determine l(r).
0
Let c(b) = 13*b - 23. Let s(x) = 32*x - 56. Let w(f) = -12*c(f) + 5*s(f). What is w(-3)?
-16
Let u = 66 + -62. Let p(o) = 2*o - 6. Determine p(u).
2
Let u(j) = 2*j**2 + 4*j - 7. Let c(s) = -6*s**2 - 13*s + 23. Let r(t) = 2*c(t) + 7*u(t). Let v(q) = q**2 - q + 2. Let w be v(2). Let l = w + -7. Calculate r(l).
9
Let c(b) = -b**3 + 3*b + 2. Let y(o) = o**3 - 4*o - 1. Let u(q) = 3*c(q) + 2*y(q). Let d be u(0). Let f(m) = -m**2 + m + 4. Calculate f(d).
-8
Let c(n) = 11 + 3*n - 16 - 5*n**3 + 6*n**2 + 4*n**3 - 4. Calculate c(6).
9
Let i(p) = -3*p + 1. Suppose -14 = -d - 8. Calculate i(d).
-17
Let g = 248 + -244. Let q(o) be the second derivative of -3/2*o**2 + 2/3*o**3 + 0 - 5*o - 1/12*o**g. Determine q(2).
1
Let c(g) = -3 - 4*g**2 - 101*g**3 - 108*g**3 + 3 + 6 + 208*g**3 + 6*g. Give c(-4).
-18
Let o(j) be the third derivative of j**6/120 - 7*j**5/60 + j**4/12 + j**3 - j**2 - 25*j. Give o(6).
-18
Let y(r) be the third derivative of r**5/24 + 14*r**3/3 + 24*r**2. Let m(u) be the first derivative of y(u). Calculate m(4).
20
Let w(t) = t + 6. Let a(c) = c. Let v be 7*(-2 - -1)*1. Let n be a(v). Determine w(n).
-1
Let v(h) be the second derivative of 11*h**5/20 + h**4/6 - h**3/3 + h**2/2 - 9*h. Suppose p + 50 = 6*p. Let s = 11 - p. Give v(s).
12
Let k(w) be the third derivative of -7/24*w**4 + 0*w + 0 + 1/12*w**5 - 9*w**2 - 3/2*w**3 + 1/120*w**6. Determine k(-6).
-3
Let l(h) = -6*h + 2. Let a(w) = -5*w + 3. Let x(z) = 4*a(z) - 3*l(z). Give x(-4).
14
Let l(b) = 97*b + 3 + b**2 + 104*b - 303*b + 116*b. Give l(-14).
3
Let u(r) = r**3 - 5*r**2 + r - 11. Let m be (14 + 3 + -23)*(-10)/12. What is u(m)?
-6
Let t be (0 + -1)/(2/10). Let k(h) = 589*h + 2. Let g(z) = -272*z - 1. Let b(f) = -13*g(f) - 6*k(f). What is b(t)?
-9
Let y(r) = r**3 - 5*r**2 + 2*r + 5. Let k be y(4). Let u = k + 3. Let v(g) = 0*g**2 + 4 + 3*g**2 - g - 3 + u*g**2 + g**3. Calculate v(-3).
4
Suppose -5*z + 198 = 3*o, 4*o - z = 2*z + 235. Suppose -o = -6*a - 25. Let v be a/(-39) - 48/26. Let h(j) = j. What is h(v)?
-2
Let k = 21 + -7. Suppose -3*q - 1 = k. Let l(j) be the first derivative of j**3/3 + 4*j**2 + 5*j - 48. Determine l(q).
-10
Let j(g) = -g**2 + 5*g + 8. Let p be 3*19*23/(-69). Let i = p + 25. Determine j(i).
2
Let j(i) = -i**3 - 8*i**2 - 13*i - 8. Let d be j(-6). Let p(r) = -r**3 + 2*r**2 - r. Give p(d).
18
Suppose -2*u + 9 = 3*t + 3, -t - 2 = 2*u. Let z(x) = t - 2 - 4*x + 6*x. What is z(-6)?
-10
Let n(j) = j**3 - 5*j**2 - 9*j + 12. Suppose 130*t - 204 = 96*t. Calculate n(t).
-6
Let h be (-4)/(-10) - (-24)/(-10). Let c(r) = -9*r + 6*r - r**2 + r**3 + 0 + 4*r**2 + 3 + 6*r. Calculate c(h).
1
Let c(p) = -22*p - 3. Let j(k) = -48*k - 6. Let q(n) = -13*c(n) + 6*j(n). Let g(w) = -w - 1. Let h be g(-6). What is q(h)?
-7
Let s be (3 - 13)*(-2)/4. Let o(r) = -s*r - 3*r**2 + 3*r + r**2. Let n = -24 - -26. Determine o(n).
-12
Suppose 152*k + j = 150*k + 8, -4*k + 2*j = 0. Let v(x) = x**2. What is v(k)?
4
Let v(g) = -290*g**3 + 0*g + 4*g + 9 + 261*g**3. Let l(w) = -7*w**3 + w + 2. Let t(c) = -9*l(c) + 2*v(c). Determine t(1).
4
Let b(m) = -2*m**3 + 2*m**2 - m. Suppose 4*y = -y + 20. Let t = y + -31. Let i = t - -28. Give b(i).
-1
Let f(a) be the first derivative of -a**2/2 + 4*a + 125. What is f(-2)?
6
Let u(t) = t**2 + 0*t**2 - 2*t**2 - t + 0*t**2. Calculate u(-3).
-6
Let g(v) be the third derivative of -1/4*v**4 + 1/60*v**5 + 0*v - 10*v**2 + 0 + 1/2*v**3. Calculate g(4).
-5
Let j(d) = -3*d - 116. Let l(p) = 3*p + 112. Let v(t) = 6*j(t) + 7*l(t). What is v(-26)?
10
Let u(k) = 37*k - 9*k + 4 - 20*k - 16*k. Give u(1).
-4
Suppose -21 = -2*j - 5. Let f(r) = 7*r + 3 + 2 - 5 - 8*r. What is f(j)?
-8
Let t = -86 - -80. Let z(l) = l**3 + 6*l**2 - l - 1. Give z(t).
5
Let n(t) = 2 - 3*t + 0 + 4 - 8. Determine n(-3).
7
Let b(q) be the third derivative of 0*q - 6*q**2 - 1/24*q**4 + 0 - 2/3*q**3 - 1/40*q**5. Let v(k) be the first derivative of b(k). What is v(-3)?
8
Let z(x) = x**3 - x**2 + x + 1. Suppose 12 = 4*h - 4*l, 5*h + 5*l = 2*l + 7. What is z(h)?
7
Let p(c) = -3*c + c - 6 + c. Let m(y) = -5*y + 28. Suppose -15 = -3*x + 6. Let o be m(x). Calculate p(o).
1
Let p(c) = c + 1. Let v be p(-8). Let h(d) = -4 + 136*d - 283*d + 146*d. Determine h(v).
3
Let v be (-8)/14*(-28)/8. Let u(y) = -5*y + y + 4 - 2*y**2 + v*y**2 - y**2. Suppose -5*q - 6 = -l, l - 5*q + q = 4. What is u(l)?
4
Let q(k) = 7*k**2 - k - 1. Let z(y) be the first derivative of y**2 + 13*y - 6. Let h be z(-7). Calculate q(h).
7
Let u(t) = t**2 + t - 11. Let i be u(-5). Let d(j) = i*j - 5*j - 3*j**2 + j**3 - 6*j. What is d(3)?
-6
Let k be 1/(2 + -1 - 22/23). Let c = 28 - k. Let j(x) = x**2 - 4*x - 5. Give j(c).
0
Let y(p) be the first derivative of p**4/24 - 5*p**3/2 + 11*p**2 - 12. Let i(m) be the second derivative of y(m). Calculate i(9).
-6
Let j(c) be the first derivative of -3*c**2 + c - 2. Let d = -5 - -9. Let g = d - 3. Give j(g).
-5
Let h(y) = -4*y + 3 + 5*y - 8892*y**2 + 8893*y**2. Give h(-5).
23
Let o(f) = -8*f**2 - 7*f**2 + 17*f**2 - 2 - f**3 + f. Suppose 5*p - 10 = -0*p. Suppose -4*t = 5*r - 7, -r - 2 = -t - p*r. What is o(t)?
-8
Let i be ((-57)/18 - -3)/(-2). Let l(k) be the second derivative of 0 + k**2 - 7/6*k**3 + i*k**4 - k. Give l(6).
-4
Let z(d) = d**3 - 7*d**2 + 7*d - 6. Let h = 236 - 230. Calculate z(h).
0
Let g(d) = d**3 + 2. Let s(c) = 2*c**3 + 8*c**2 - 3*c - 10. Let z(t) = -g(t) + s(t). Calculate z(-8).
12
Let n = -10 + 7. Let y(p) = p**3 + p**2 + p - 3. Let h(m) = 3*m**3 + 2*m**2 + 2*m - 11. Let v(r) = 2*h(r) - 7*y(r). Determine v(n).
8
Let j(z) = -z - 12. Let c(i) = i. Let o(b) = -2*c(b) - j(b). Let y(v) = -2*v + 25. Let f(h) = -5*o(h) + 2*y(h). Give f(7).
-3
Let l(g) = -g**3 - 12*g**2 + 15*g + 22. Let b be l(-13). Let p(k) = k**2 + 5*k - 2. Determine p(b).
-6
Let h(m) = -5*m - 1. Suppose -2*c - 4*b - 30 = 0, -3 = -c + 2*b + 2. What is h(c)?
24
Let q(p) = -p**3 - p**2 + p. Let w(b) = -5*b**3 - 8*b**2 + 7*b. Let a(z) = -6*q(z) + w(z). Suppose -2 + 8 = -t. Let y = t - -7. Calculate a(y).
0
Let b(h) = -13*h - 45*h**3 + 9*h**2 - 26 - 44*h**3 + 88*h**3. Give b(6).
4
Let c(t) = t**3 - 14*t**2 + 13*t - 17. Let g(a) = a**2 + 32*a + 125. Let d be g(-4). Give c(d).
-17
Let l(r) be the third derivative of 0 - 1/120*r**6 - 43*r**2 + 1/3*r**4 + 0*r - 1/12*r**5 + 5/6*r**3. What is l(-6)?
-7
Let r(x) = -x**3 + 10*x**2 + 14*x - 6. Suppose -2*w = 5*k - 17, 19*w - 24*w + 2*k + 57 = 0. Give r(w).
27
Let s(q) be the third derivative of -q**6/120 + q**4/24 - 5*q**3/6 - 35*q**2. Let p = -47 + 47. Calculate s(p).
-5
Let h(o) = -431 + 217 + 227 - o. Give h(6).
7
Let b(r) = r**2 - 7*r - 2. Let l(j) = 28*j - 160. Let p be l(6). Calculate b(p).
6
Let q(j) be the second derivative of -j**5/20 + 13*j**4/12 + j**3/6 - 8*j**2 - 76*j + 1. Give q(13).
-3
Let b(n) = -4*n**3 + 32*n**2 + 12*n + 5. Let a(l) = 5*l**3 - 36*l**2 - 12*l - 4. Let g(t) = 5*a(t) + 6*b(t). Determine g(-11).
-1
Let b(z) be the first derivative of 13*z**3/3 - 2*z**2 + 5*z + 9. Let a(o) = -7*o**2 + 2*o - 3. Let x(w) = 11*a(w) + 6*b(w). Calculate x(-2).
5
Let d(g) be the first derivative of g**2 + 0*g**2 + 12 + 13*g - 6*g. Determine d(-5).
-3
Let q(v) = -1 - v**3 + 8*v**2 + 5*v**2 - 9*v**2 + 2*v**2 - 6 - 3*v. Determine q(5).
3
Let u(r) be the third derivative of r**6/120 - 7*r**5/30 - r**3/3 + 40*r**2 - 2*r. Determine u(14).
-2
Let k(r) be the second derivative of -r**4/12 + r**2 - 1076*r. Let t = -10 - -15. Suppose -t*x = -4*x. What is k(x)?
2
Suppose -x + 3*x = 4. Let 